-- https://www.phpmyadmin.net/
--
-- Servidor: 127.0.0.1
-- Tiempo de generación: 16-10-2024 a las 23:26:09
-- Versión del servidor: 10.4.32-MariaDB
-- Versión de PHP: 8.1.25

START TRANSACTION;



--
-- Base de datos: `clinica`
--

-- --------------------------------------------------------

--
-- Estructura de tabla para la tabla `cargo`
--

CREATE TABLE `cargo` (
  `id_cargo` int(10) NOT NULL,
  `nombre_cargo` varchar(50) NOT NULL,
  `estado_cargo` tinyint(1) NOT NULL,
  `fecha_alta` timestamp NOT NULL DEFAULT current_timestamp() ON UPDATE current_timestamp(),
  `fecha_modifica` timestamp NULL DEFAULT NULL
) ENGINE=InnoDB DEFAULT CHARSET=utf8 COLLATE=utf8_spanish_ci;

--
-- Volcado de datos para la tabla `cargo`
--

INSERT INTO `cargo` (`id_cargo`, `nombre_cargo`, `estado_cargo`, `fecha_alta`, `fecha_modifica`) VALUES
(1, 'MEDICO', 1, '2024-09-08 03:56:18', '2024-09-08 07:56:18'),
(2, 'SECRETARIA', 1, '2024-09-03 22:27:17', '2024-09-04 02:27:17'),
(3, 'ADMINISTRATIVO', 1, '2024-09-08 01:04:28', '2024-09-08 05:04:28'),
(4, 'ENFERMERA', 1, '2024-09-06 04:33:28', '2024-09-06 04:33:28');

-- --------------------------------------------------------

--
-- Estructura de tabla para la tabla `cita`
--

CREATE TABLE `cita` (
  `id_cita` int(10) NOT NULL,
  `folio` text NOT NULL,
  `fecha` date NOT NULL,
  `hora` time NOT NULL,
  `motivo` text NOT NULL,
  `id_paciente` int(10) NOT NULL,
  `id_personal` int(10) NOT NULL,
  `id_servicio` int(10) NOT NULL,
  `estado_cita` int(2) NOT NULL,
  `fecha_alta` timestamp NOT NULL DEFAULT current_timestamp() ON UPDATE current_timestamp(),
  `fecha_modifica` timestamp NULL DEFAULT NULL
) ENGINE=InnoDB DEFAULT CHARSET=utf8 COLLATE=utf8_spanish_ci;

--
-- Volcado de datos para la tabla `cita`
--

INSERT INTO `cita` (`id_cita`, `folio`, `fecha`, `hora`, `motivo`, `id_paciente`, `id_personal`, `id_servicio`, `estado_cita`, `fecha_alta`, `fecha_modifica`) VALUES
(1, '', '2024-10-16', '10:30:00', 'jjjjjjjjjjjjjjjjjjjjjjjjjjjjjjjjjjjjjjjjjjjjjjjjjjjjjjjjj', 1, 4, 1, 1, '2024-10-16 23:33:09', '2024-10-16 23:33:09'),
(2, '', '2024-10-17', '13:00:00', 'yyyyyyyyy', 1, 1, 7, 1, '2024-10-16 23:34:12', '2024-10-16 23:34:12'),
(3, '', '2024-10-17', '11:30:00', 'IIIIIIIIII', 4, 5, 7, 1, '2024-10-16 23:38:09', '2024-10-16 23:38:09'),
(4, '6710166af0279', '2024-10-17', '13:30:00', 'sssssssssss', 3, 4, 7, 0, '2024-10-16 20:06:17', '2024-10-17 00:06:17');

-- --------------------------------------------------------

--
-- Estructura de tabla para la tabla `detalle_roles_permiso`
--

CREATE TABLE `detalle_roles_permiso` (
  `id_detalle_rol` int(10) NOT NULL,
  `id_permiso` int(5) NOT NULL,
  `id_cargo` int(5) NOT NULL
) ENGINE=InnoDB DEFAULT CHARSET=utf8 COLLATE=utf8_spanish_ci;

--
-- Volcado de datos para la tabla `detalle_roles_permiso`
--

INSERT INTO `detalle_roles_permiso` (`id_detalle_rol`, `id_permiso`, `id_cargo`) VALUES
(5, 1, 2),
(6, 5, 2),
(7, 6, 2),
(8, 7, 2),
(17, 1, 4),
(18, 2, 4),
(38, 1, 1),
(39, 2, 1),
(40, 3, 1),
(41, 4, 1),
(42, 5, 1),
(43, 1, 3),
(44, 2, 3),
(45, 3, 3),
(46, 4, 3),
(47, 5, 3),
(48, 6, 3),
(49, 7, 3),
(50, 8, 3),
(51, 9, 3),
(52, 10, 3),
(53, 11, 3);

-- --------------------------------------------------------

--
-- Estructura de tabla para la tabla `especialidad`
--

CREATE TABLE `especialidad` (
  `id_especialidad` int(10) NOT NULL,
  `nombre_especialidad` varchar(200) NOT NULL,
  `estado_especialidad` int(1) NOT NULL,
  `fecha_alta` timestamp NOT NULL DEFAULT current_timestamp() ON UPDATE current_timestamp(),
  `fecha_modifica` timestamp NULL DEFAULT NULL
) ENGINE=InnoDB DEFAULT CHARSET=utf8 COLLATE=utf8_spanish_ci;

--
-- Volcado de datos para la tabla `especialidad`
--

INSERT INTO `especialidad` (`id_especialidad`, `nombre_especialidad`, `estado_especialidad`, `fecha_alta`, `fecha_modifica`) VALUES
(1, 'CARDIOLOGO', 1, '2024-09-09 12:41:50', '2024-09-09 16:41:50'),
(2, 'GINECOLOGIA', 1, '2024-09-07 01:46:38', '2024-09-07 01:46:38'),
(3, 'PEDIATRIA', 1, '2024-09-06 21:46:54', '2024-09-07 01:46:54'),
(4, 'NINGUNO', 1, '2024-09-07 03:31:11', NULL);

-- --------------------------------------------------------

--
-- Estructura de tabla para la tabla `laboratorio`
--

CREATE TABLE `laboratorio` (
  `id_laboratorio` int(10) NOT NULL,
  `nombre_laboratorio` varchar(200) NOT NULL,
  `direccion` varchar(200) NOT NULL,
  `telefono` varchar(20) NOT NULL,
  `fecha_alta` timestamp NOT NULL DEFAULT current_timestamp() ON UPDATE current_timestamp(),
  `fecha_modifica` timestamp NULL DEFAULT NULL
) ENGINE=InnoDB DEFAULT CHARSET=utf8 COLLATE=utf8_spanish_ci;

--
-- Volcado de datos para la tabla `laboratorio`
--

INSERT INTO `laboratorio` (`id_laboratorio`, `nombre_laboratorio`, `direccion`, `telefono`, `fecha_alta`, `fecha_modifica`) VALUES
(1, 'BAGO', 'zona satelite', '22222666', '2024-09-08 03:55:59', '2024-09-08 07:55:59'),
(2, 'RAYOS X', 'zona rio seco', '11223311', '2024-09-10 19:11:28', '2024-09-10 23:11:28');

-- --------------------------------------------------------

--
-- Estructura de tabla para la tabla `medicamento`
--

CREATE TABLE `medicamento` (
  `id_medicamento` int(11) NOT NULL,
  `nombre_medicamento` varchar(200) NOT NULL,
  `marca` varchar(200) NOT NULL,
  `estado_medicamento` int(1) NOT NULL,
  `fecha_alta` timestamp NOT NULL DEFAULT current_timestamp() ON UPDATE current_timestamp(),
  `fecha_modifica` timestamp NULL DEFAULT NULL
) ENGINE=InnoDB DEFAULT CHARSET=utf8 COLLATE=utf8_spanish_ci;

--
-- Volcado de datos para la tabla `medicamento`
--

INSERT INTO `medicamento` (`id_medicamento`, `nombre_medicamento`, `marca`, `estado_medicamento`, `fecha_alta`, `fecha_modifica`) VALUES
(1, 'PARACETAMOL', 'inti', 1, '2024-09-10 19:00:34', '2024-09-10 23:00:34'),
(2, 'IBUPROFENO', 'inti', 1, '2024-09-10 22:59:52', '2024-09-10 22:59:52');

-- --------------------------------------------------------

--
-- Estructura de tabla para la tabla `paciente`
--

CREATE TABLE `paciente` (
  `id_paciente` int(10) NOT NULL,
  `nombre` varchar(200) NOT NULL,
  `fecha_nacimiento` date NOT NULL,
  `edad` int(5) NOT NULL,
  `genero` varchar(5) NOT NULL,
  `ci` varchar(10) NOT NULL,
  `extencion` varchar(3) NOT NULL,
  `direccion` text NOT NULL,
  `telefono` varchar(10) NOT NULL,
  `email` text NOT NULL,
  `clave` text DEFAULT NULL,
  `estado_civil` text NOT NULL,
  `ocupacion` text NOT NULL,
  `fecha_alta` timestamp NOT NULL DEFAULT current_timestamp() ON UPDATE current_timestamp(),
  `fecha_modifica` timestamp NULL DEFAULT NULL
) ENGINE=InnoDB DEFAULT CHARSET=utf8 COLLATE=utf8_spanish_ci;

--
-- Volcado de datos para la tabla `paciente`
--

INSERT INTO `paciente` (`id_paciente`, `nombre`, `fecha_nacimiento`, `edad`, `genero`, `ci`, `extencion`, `direccion`, `telefono`, `email`, `clave`, `estado_civil`, `ocupacion`, `fecha_alta`, `fecha_modifica`) VALUES
(1, 'LUIS ORIAS', '1999-09-03', 32, 'M', '11001101', 'LP', 'el alto plaza los andes', '67899008', 'luis@gmail.com', '', '', '', '2024-09-08 03:55:46', '2024-09-08 07:55:46'),
(2, 'OLIVER CABRERA', '2010-01-07', 14, 'M', '222222', 'LP', 'no tiene', '76554092', 'oliver98@gmail.com', '', '', '', '2024-09-08 03:38:02', '2024-09-08 07:38:02'),
(3, 'HUGO TORREZ', '2000-07-13', 24, 'M', '5983812', 'LP', 'Zona Alto Lima, Av. Jose chacon', '73004142', 'torrez.hugo@gmail.com', '', '', '', '2024-09-16 22:16:08', '2024-09-16 22:16:08'),
(4, 'HUGO MAMANI', '1988-06-09', 38, 'M', '4966885', 'LP', 'EL ALTO', '73009799', 'mamani.hugo@gmail.com', '$2y$10$85u.CYs.Aif0G2a29Bqk3elW8TMA1uJDCJV.vULIe3b3Gg2ZdnGgC', '', '', '2024-10-04 15:28:56', '2024-10-04 19:28:56'),
(9, 'JUAN CARLOS LLOJLLA QUISPE', '2022-02-13', 22, 'M', '1111111111', 'LP', 'DIRRRRRRT ', '222222', 'jcllojllaaquispe@gmail.com', '$2y$10$UmlIdzUL.SUz6u5473Y0pubdzayZKFWDQ3sLDoRFGZzJyFADUG3zy', '', '', '2024-10-04 13:50:37', '2024-10-04 17:50:37'),
(10, 'A', '2024-10-16', 22, 'F', 's', 'LP', 'diii', '222222', 'email@gmail.com', '$2y$10$UgRevTrztG9WVIZtn66KseG9UbedKqmFXX/1mlVKPbfoQDcCCou2a', 'Union libre', 'occcu123', '2024-10-16 19:10:07', '2024-10-16 23:10:07');

-- --------------------------------------------------------

--
-- Estructura de tabla para la tabla `permisos`
--

CREATE TABLE `permisos` (
  `id_permiso` int(10) NOT NULL,
  `nombre_permiso` varchar(50) NOT NULL
) ENGINE=InnoDB DEFAULT CHARSET=utf8 COLLATE=utf8_spanish_ci;

--
-- Volcado de datos para la tabla `permisos`
--

INSERT INTO `permisos` (`id_permiso`, `nombre_permiso`) VALUES
(1, 'CONSULTA MEDICA'),
(2, 'PACIENTE'),
(3, 'LABORATORIO'),
(4, 'RESULTADOS_LABORATORIO'),
(5, 'PERSONAL'),
(6, 'CARGO'),
(7, 'SERVICIO'),
(8, 'PERMISOS'),
(9, 'ESPECIALIDAD'),
(10, 'MEDICAMENTO'),
(11, 'CONSULTAS GENERAL');

-- --------------------------------------------------------

--
-- Estructura de tabla para la tabla `personal`
--

CREATE TABLE `personal` (
  `id_personal` int(11) NOT NULL,
  `nombre_personal` varchar(150) NOT NULL,
  `ci` varchar(20) NOT NULL,
  `extension` varchar(3) NOT NULL,
  `id_especialidad` int(10) NOT NULL,
  `telefono` int(10) NOT NULL,
  `email` varchar(100) NOT NULL,
  `id_cargo` int(10) NOT NULL,
  `usuario` varchar(100) NOT NULL,
  `clave` text NOT NULL,
  `estado_personal` int(1) NOT NULL,
  `fecha_alta` timestamp NOT NULL DEFAULT current_timestamp() ON UPDATE current_timestamp(),
  `fecha_modifica` timestamp NULL DEFAULT NULL
) ENGINE=InnoDB DEFAULT CHARSET=utf8 COLLATE=utf8_spanish_ci;

--
-- Volcado de datos para la tabla `personal`
--

INSERT INTO `personal` (`id_personal`, `nombre_personal`, `ci`, `extension`, `id_especialidad`, `telefono`, `email`, `id_cargo`, `usuario`, `clave`, `estado_personal`, `fecha_alta`, `fecha_modifica`) VALUES
(1, 'MIGUEL ARATIA', '1212122', 'LP', 1, 76767775, 'miguel@gmail.com', 1, 'MEDICO123.', '$2y$10$jcy.COyl8HrsiE1AzEqyauatne3b/q5xBhZpOrmdQPIeZdMgF5rcq', 1, '2024-09-19 22:41:36', '2024-09-19 22:41:36'),
(2, 'LUIS QUIROGA', '9898989', 'OR', 4, 7777777, 'luis@gmail.com', 2, 'SECRETARIA123.', '$2y$10$SB6ZdR6j5JNNqfG1FgUIA.LoJ2Vn.x7INbK6YmGb4BWKBaPT4ksxy', 1, '2024-09-10 17:59:33', '2024-09-10 21:59:33'),
(3, 'ADMINISTRADOR', '22222222', 'LP', 4, 7777777, 'administrador@gmail.com', 3, 'ADMINISTRADOR123.', '$2y$10$IzRnsLUpexK428lKv4KOZeLlz4/3RUPmYM3kIQbmp6Ucgp6AvDo/e', 1, '2024-10-16 19:13:49', '2024-10-16 23:13:49'),
(4, 'HUGO TORREZ ROMERO', '5483821', 'LP', 3, 66666777, 'hugo@gmail.com', 1, 'HUGO', '$2y$10$7I9t49.TMryXCZBFHn1tGulJcyt4SRUubQmDQ7iFux9HMtgVGLSgy', 1, '2024-09-19 13:44:53', '2024-09-19 13:44:53'),
(5, 'JOSE', '10000000', 'LP', 3, 7123354, 'jose@gmail.com', 1, '10000000', '$2y$10$mrQ0w2BaxzcJT4HamHR7SuUiD8DdWCa4A5/kPIMrmYY2FjhRlYRxC', 1, '2024-09-19 14:21:13', '2024-09-19 14:21:13'),
(6, 'MARIA CALLLE', '4966733', 'LP', 1, 73009788, 'callemaria@gmail.com', 1, '4966733.', '$2y$10$.PxO.wYU7tGIs0/CIbS.XurTzIDZaeS.q/E93R5o8OhWbX7OKfOjK', 1, '2024-09-19 14:19:12', '2024-09-19 14:19:12'),
(7, 'MARIA CALLE MAMANI', '4966722', 'LP', 1, 73008874, 'callemaria@gmail.com', 1, '4966722.', '$2y$10$FGjVMBgkh0hRQ.RQmamJG.7mwmt6IgHfPaDhcnFw0XFHLaTVSGOd6', 1, '2024-09-19 14:20:35', '2024-09-19 14:20:35'),
(8, 'WWWWWWWWWWWWWW', '33333', 'OR', 1, 444444, 'email@gmail.com', 1, '11111', '$2y$10$QXdDrA.4N/V.2ApNuMCF9eDM1wNz3HtldNVsajU6GfZ3Ee2QbQmX6', 1, '2024-10-16 22:11:11', '2024-10-16 22:11:11');

-- --------------------------------------------------------

--
-- Estructura de tabla para la tabla `prescripcion`
--

CREATE TABLE `prescripcion` (
  `id_prescripcion` int(10) NOT NULL,
  `id_paciente` int(10) NOT NULL,
  `id_personal` int(10) NOT NULL,
  `fecha` date NOT NULL,
  `id_medicamento` int(5) NOT NULL,
  `dosis` varchar(100) NOT NULL,
  `id_cita` int(10) NOT NULL,
  `indicaciones` varchar(500) NOT NULL,
  `fecha_alta` timestamp NOT NULL DEFAULT current_timestamp() ON UPDATE current_timestamp(),
  `fecha_modifica` timestamp NULL DEFAULT NULL
) ENGINE=InnoDB DEFAULT CHARSET=utf8 COLLATE=utf8_spanish_ci;

--
-- Volcado de datos para la tabla `prescripcion`
--

INSERT INTO `prescripcion` (`id_prescripcion`, `id_paciente`, `id_personal`, `fecha`, `id_medicamento`, `dosis`, `id_cita`, `indicaciones`, `fecha_alta`, `fecha_modifica`) VALUES
(1, 3, 4, '2024-10-16', 1, '10', 4, 'tomar cada 8 horas ', '2024-10-16 20:01:14', '2024-10-16 20:01:14'),
(2, 3, 4, '2024-10-16', 2, '20', 4, 'tomar cada 2 dias', '2024-10-16 20:01:30', '2024-10-16 20:01:30');

-- --------------------------------------------------------

--
-- Estructura de tabla para la tabla `resultados_de_prueba`
--

CREATE TABLE `resultados_de_prueba` (
  `id_resultado` int(10) NOT NULL,
  `id_paciente` int(10) NOT NULL,
  `id_laboratorio` int(10) NOT NULL,
  `id_tipolab` int(5) NOT NULL,
  `fecha` date NOT NULL,
  `resultado` text DEFAULT NULL,
  `estado_resultado` int(1) NOT NULL,
  `fecha_alta` timestamp NOT NULL DEFAULT current_timestamp() ON UPDATE current_timestamp(),
  `fecha_modifica` timestamp NULL DEFAULT NULL
) ENGINE=InnoDB DEFAULT CHARSET=utf8 COLLATE=utf8_spanish_ci;

-- --------------------------------------------------------

--
-- Estructura de tabla para la tabla `servicios`
--

CREATE TABLE `servicios` (
  `id_servicio` int(10) NOT NULL,
  `nombre_servicio` varchar(100) NOT NULL,
  `estado_servicio` int(1) NOT NULL,
  `fecha_alta` timestamp NOT NULL DEFAULT current_timestamp() ON UPDATE current_timestamp(),
  `fecha_modifica` timestamp NULL DEFAULT NULL
) ENGINE=InnoDB DEFAULT CHARSET=utf8 COLLATE=utf8_spanish_ci;

--
-- Volcado de datos para la tabla `servicios`
--

INSERT INTO `servicios` (`id_servicio`, `nombre_servicio`, `estado_servicio`, `fecha_alta`, `fecha_modifica`) VALUES
(1, 'CONSULTA GENERAL', 1, '2024-09-10 19:33:36', '2024-09-08 07:56:43'),
(7, 'CONSULTA PEDIATRICA', 1, '2024-09-10 23:10:44', '2024-09-10 23:10:44'),
(8, 'CONSULTA GINECOLOGA', 1, '2024-09-10 23:10:53', '2024-09-10 23:10:53');

-- --------------------------------------------------------

--
-- Estructura de tabla para la tabla `tipo_laboratorio`
--

CREATE TABLE `tipo_laboratorio` (
  `id_tipolab` int(11) NOT NULL,
  `nombre_tipolab` varchar(200) NOT NULL,
  `estado_tipolab` int(1) NOT NULL,
  `fecha_alta` timestamp NOT NULL DEFAULT current_timestamp() ON UPDATE current_timestamp(),
  `fecha_modifica` timestamp NULL DEFAULT NULL
) ENGINE=InnoDB DEFAULT CHARSET=utf8 COLLATE=utf8_spanish_ci;

--
-- Volcado de datos para la tabla `tipo_laboratorio`
--

INSERT INTO `tipo_laboratorio` (`id_tipolab`, `nombre_tipolab`, `estado_tipolab`, `fecha_alta`, `fecha_modifica`) VALUES
(1, 'EXAMEN DE SANGRE', 1, '2024-09-10 19:46:21', '2024-09-10 23:46:21'),
(2, 'EXAMEN DE ORINA', 1, '2024-09-10 23:46:31', '2024-09-10 23:46:31'),
(3, 'HEMOGRAMA', 1, '2024-09-10 23:47:19', '2024-09-10 23:47:19'),
(4, 'GLUCOSA EN SANGRE', 1, '2024-09-10 19:48:03', '2024-09-10 23:48:03');

--
-- Índices para tablas volcadas
--

--
-- Indices de la tabla `cargo`
--
ALTER TABLE `cargo`
  ADD PRIMARY KEY (`id_cargo`);

--
-- Indices de la tabla `cita`
--
ALTER TABLE `cita`
  ADD PRIMARY KEY (`id_cita`);

--
-- Indices de la tabla `detalle_roles_permiso`
--
ALTER TABLE `detalle_roles_permiso`
  ADD PRIMARY KEY (`id_detalle_rol`);

--
-- Indices de la tabla `especialidad`
--
ALTER TABLE `especialidad`
  ADD PRIMARY KEY (`id_especialidad`);

--
-- Indices de la tabla `laboratorio`
--
ALTER TABLE `laboratorio`
  ADD PRIMARY KEY (`id_laboratorio`);

--
-- Indices de la tabla `medicamento`
--
ALTER TABLE `medicamento`
  ADD PRIMARY KEY (`id_medicamento`);

--
-- Indices de la tabla `paciente`
--
ALTER TABLE `paciente`
  ADD PRIMARY KEY (`id_paciente`);

--
-- Indices de la tabla `permisos`
--
ALTER TABLE `permisos`
  ADD PRIMARY KEY (`id_permiso`);

--
-- Indices de la tabla `personal`
--
ALTER TABLE `personal`
  ADD PRIMARY KEY (`id_personal`);

--
-- Indices de la tabla `prescripcion`
--
ALTER TABLE `prescripcion`
  ADD PRIMARY KEY (`id_prescripcion`);

--
-- Indices de la tabla `resultados_de_prueba`
--
ALTER TABLE `resultados_de_prueba`
  ADD PRIMARY KEY (`id_resultado`);

--
-- Indices de la tabla `servicios`
--
ALTER TABLE `servicios`
  ADD PRIMARY KEY (`id_servicio`);

--
-- Indices de la tabla `tipo_laboratorio`
--
ALTER TABLE `tipo_laboratorio`
  ADD PRIMARY KEY (`id_tipolab`);

--
-- AUTO_INCREMENT de las tablas volcadas
--

--
-- AUTO_INCREMENT de la tabla `cargo`
--
ALTER TABLE `cargo`
  MODIFY `id_cargo` int(10) NOT NULL AUTO_INCREMENT, AUTO_INCREMENT=5;

--
-- AUTO_INCREMENT de la tabla `cita`
--
ALTER TABLE `cita`
  MODIFY `id_cita` int(10) NOT NULL AUTO_INCREMENT, AUTO_INCREMENT=5;

--
-- AUTO_INCREMENT de la tabla `detalle_roles_permiso`
--
ALTER TABLE `detalle_roles_permiso`
  MODIFY `id_detalle_rol` int(10) NOT NULL AUTO_INCREMENT, AUTO_INCREMENT=54;

--
-- AUTO_INCREMENT de la tabla `especialidad`
--
ALTER TABLE `especialidad`
  MODIFY `id_especialidad` int(10) NOT NULL AUTO_INCREMENT, AUTO_INCREMENT=5;

--
-- AUTO_INCREMENT de la tabla `laboratorio`
--
ALTER TABLE `laboratorio`
  MODIFY `id_laboratorio` int(10) NOT NULL AUTO_INCREMENT, AUTO_INCREMENT=3;

--
-- AUTO_INCREMENT de la tabla `medicamento`
--
ALTER TABLE `medicamento`
  MODIFY `id_medicamento` int(11) NOT NULL AUTO_INCREMENT, AUTO_INCREMENT=3;

--
-- AUTO_INCREMENT de la tabla `paciente`
--
ALTER TABLE `paciente`
  MODIFY `id_paciente` int(10) NOT NULL AUTO_INCREMENT, AUTO_INCREMENT=11;

--
-- AUTO_INCREMENT de la tabla `permisos`
--
ALTER TABLE `permisos`
  MODIFY `id_permiso` int(10) NOT NULL AUTO_INCREMENT, AUTO_INCREMENT=12;

--
-- AUTO_INCREMENT de la tabla `personal`
--
ALTER TABLE `personal`
  MODIFY `id_personal` int(11) NOT NULL AUTO_INCREMENT, AUTO_INCREMENT=9;

--
-- AUTO_INCREMENT de la tabla `prescripcion`
--
ALTER TABLE `prescripcion`
  MODIFY `id_prescripcion` int(10) NOT NULL AUTO_INCREMENT, AUTO_INCREMENT=3;

--
-- AUTO_INCREMENT de la tabla `resultados_de_prueba`
--
ALTER TABLE `resultados_de_prueba`
  MODIFY `id_resultado` int(10) NOT NULL AUTO_INCREMENT;

--
-- AUTO_INCREMENT de la tabla `servicios`
--
ALTER TABLE `servicios`
  MODIFY `id_servicio` int(10) NOT NULL AUTO_INCREMENT, AUTO_INCREMENT=9;

--
-- AUTO_INCREMENT de la tabla `tipo_laboratorio`
--
ALTER TABLE `tipo_laboratorio`
  MODIFY `id_tipolab` int(11) NOT NULL AUTO_INCREMENT, AUTO_INCREMENT=5;
COMMIT;

